
0
Let g(d) = d**3 - 4*d**2 - 4. Determine g(5).
21
Let a(m) = -m + 23. What is a(9)?
14
Let k(n) = -2*n - 3. Determine k(-3).
3
Let x(q) = -11*q - 25. Give x(0).
-25
Let h(j) = -3*j - 9. Calculate h(18).
-63
Let k(a) = -3*a**3 - 4*a**2 - 7*a - 14. Give k(-3).
52
Let z(u) = -26*u + 347. Determine z(13).
9
Let i(w) = -2*w**2 + 122*w + 128. Give i(62).
4
Let w(p) = p**3 - 10*p**2 + 9*p + 15. What is w(8)?
-41
Let d(r) = r - 11. Determine d(14).
3
Let r(b) = 10*b**2 + b - 1. Give r(-2).
37
Let k(y) = -y**2 - 2*y + 49. Calculate k(5).
14
Let x(v) = -v**3 + 6*v**2 + v - 30. Give x(5).
0
Let k(v) = v**3 + 3*v**2 + 21. Give k(-4).
5
Let a(l) = -l**3 + 13*l**2 - l + 1. Give a(13).
-12
Let y(q) = 20*q**2 - 3*q - 2. Determine y(-1).
21
Let r(a) = 6*a + 4. What is r(-3)?
-14
Let k(t) = -t - 26. Give k(-22).
-4
Let j(x) = -x + 9. Determine j(17).
-8
Let c(j) = 10*j + 227. Determine c(-22).
7
Let f(l) = 15*l + 97. Give f(-6).
7
Let z(j) = 12*j + 5. Give z(-5).
-55
Let d(c) = c**3 - 12*c**2 + 11. Calculate d(12).
11
Let d(z) = -z**2 + 22*z + 59. Calculate d(24).
11
Let u(k) = k**2 - 8*k - 4. Determine u(7).
-11
Let g(j) = 13*j - 22. Give g(4).
30
Let h(c) = 6*c + 14. Give h(-2).
2
Let i(t) = 2*t. Calculate i(-2).
-4
Let l(g) = g**2 + 11*g + 21. Give l(-9).
3
Let m(p) = -p**2 + 4*p - 4. Give m(3).
-1
Let b(m) = m**3 - 4*m**2 + 6*m - 3. What is b(2)?
1
Let g(t) = -t**2 + 13*t - 10. Determine g(11).
12
Let o(r) = -r**3 + r - 3. Give o(3).
-27
Let y(r) = 6*r - 213. Calculate y(40).
27
Let m(w) = -w**3 - 12*w**2 + 15*w + 25. Calculate m(-13).
-1
Let r(i) = -6*i + 19. Calculate r(16).
-77
Let z(w) = 2*w**3 + 20*w**2 - w - 26. Calculate z(-10).
-16
Let c(o) = 2*o**3 + 6*o**2 + 5*o + 4. What is c(-4)?
-48
Let y(h) = h - 8. Give y(15).
7
Let h(c) = 49*c**2 + 3*c - 1. Calculate h(1).
51
Let c(p) = 18*p + 12. What is c(8)?
156
Let g(u) = -u**2 - 27*u + 97. Calculate g(-30).
7
Let m(t) = 2*t - 9. Give m(9).
9
Let a(w) = -55*w - 386. Calculate a(-7).
-1
Let j(f) = f - 35. Give j(0).
-35
Let h(r) = 3*r**2 + 20*r + 23. What is h(-5)?
-2
Let h(q) = 4*q + 6. Calculate h(-3).
-6
Let t(z) = z**2 + 4*z + 30. Determine t(0).
30
Let m(w) = -w**3 + 18*w**2 + 63*w + 14. Give m(21).
14
Let j(h) = -2*h**2 - 22*h + 92. Give j(4).
-28
Let z(t) = -2*t**2 + 17*t + 39. Determine z(10).
9
Let z(h) = 18*h - 5. Calculate z(0).
-5
Let r(j) = -45*j**3 + j - 1. What is r(1)?
-45
Let f(r) = -r**3 - 4*r**2 + 7*r + 7. Determine f(-6).
37
Let s(d) = 2*d**3 + d**2 + d + 2. Determine s(-2).
-12
Let l(n) = n**3 + 7*n**2 + n + 8. What is l(-7)?
1
Let l(a) = a**3 - 10*a**2 - 10*a - 15. Calculate l(11).
-4
Let g(f) = f**3 - 4*f**2 + 3*f + 2. Determine g(4).
14
Let c(g) = -3*g**3 + 25*g**2 - 7*g - 2. Give c(8).
6
Let z(j) = -13*j**2 - 60*j + 12. Give z(-5).
-13
Let j(c) = 5*c**2 + c - 2. What is j(-2)?
16
Let d(t) = 5*t**2 + 3*t - 2. Determine d(-3).
34
Let d(u) = 3*u**2 + 4*u. Determine d(-3).
15
Let o(v) = v**2 - 8*v + 3. Calculate o(7).
-4
Let s(r) = -4*r - 38. Give s(-16).
26
Let i(n) = -n**2 + 4*n - 2. Give i(3).
1
Let x(n) = -8*n**3 - 7*n - 6. Determine x(-1).
9
Let c(q) = -2*q**3 + 68*q**2 - 3*q + 99. Determine c(34).
-3
Let v(t) = -2*t**2 + 23*t - 20. Calculate v(11).
-9
Let x(v) = 5*v**2 + 3*v - 8. Determine x(3).
46
Let r(k) = 14*k + 3. Give r(-3).
-39
Let y(c) = 2*c**2 + 2*c - 15. Determine y(0).
-15
Let p(c) = c**3 - 13*c**2 + 16*c + 1. What is p(12)?
49
Let u(o) = o**2 + 11*o + 32. Determine u(-6).
2
Let u(v) = 20*v**3. Calculate u(1).
20
Let c(j) = -127*j + 6. What is c(0)?
6
Let h(m) = m**2 + 9*m - 22. Determine h(-12).
14
Let c(m) = m**3 - 6*m**2 - 10*m - 8. What is c(8)?
40
Let o(r) = r**2 + 75*r + 7. Calculate o(0).
7
Let j(z) = z**3 + 4*z**2 + 4*z + 3. What is j(-3)?
0
Let o(s) = -s - 13. What is o(-2)?
-11
Let d(l) = l**3 + 6*l**2 - 2*l - 10. Give d(-6).
2
Let h(q) = -16*q + 1. Determine h(-1).
17
Let s(n) = n**3 + 9*n**2 + 4*n + 4. Give s(-9).
-32
Let p(c) = 10*c + 55. What is p(0)?
55
Let m(o) = 4*o - 23. Give m(8).
9
Let h(d) = 2*d**2 + 77*d - 113. What is h(-40)?
7
Let y(u) = 202*u**2. Determine y(1).
202
Let n(z) = z**3 - 6*z**2 + 12*z - 14. Give n(4).
2
Let v(u) = -2*u**2 - u. Give v(-1).
-1
Let s(w) = -w - 9. Determine s(-2).
-7
Let w(v) = -v**3 - 12*v**2 + 46*v + 15. Give w(-15).
0
Let v(a) = 4*a - 30. Give v(9).
6
Let l(p) = -2*p + 27. Give l(18).
-9
Let m(u) = -5*u**3 + u**2 + 3*u - 3. Determine m(1).
-4
Let k(m) = -m**2 - 17*m - 22. Determine k(-16).
-6
Let r(o) = -o**3 + 5*o**2 - 23*o + 120. Give r(5).
5
Let p(i) = -8*i - 79. Give p(-10).
1
Let z(n) = 6*n + 195. What is z(-31)?
9
Let i(l) = -l**3 + l**2 + l - 2. What is i(1)?
-1
Let n(a) = -a**3 - 5*a**2 - 3*a. What is n(-2)?
-6
Let r(o) = 8*o - 86. Calculate r(10).
-6
Let r(y) = 2*y**3 - 62*y**2 + 58*y + 66. Determine r(30).
6
Let z(u) = 2*u**2 - 18*u - 12. What is z(10)?
8
Let l(j) = -65*j + 10. What is l(-1)?
75
Let c(l) = -10*l**3 + 3*l**2 - 3*l. Give c(2).
-74
Let y(c) = c**3 + 16*c**2 - 9*c - 8. Calculate y(-16).
136
Let q(i) = -i**2 - 6*i - 1. What is q(-3)?
8
Let w(c) = -c**2 - 6*c + 5. Give w(-5).
10
Let g(m) = m**2 - 17*m + 67. What is g(11)?
1
Let k(c) = -c**3 + 7*c**2 - 10*c - 4. What is k(5)?
-4
Let c(a) = -a**2 + 7*a + 4. Determine c(7).
4
Let g(h) = 16*h**2 - 304*h + 2. What is g(19)?
2
Let p(l) = -l**2 + 2*l + 9. What is p(4)?
1
Let i(s) = s**2 - 9*s + 7. Calculate i(7).
-7
Let t(z) = -z - 21. Determine t(-15).
-6
Let f(y) = -y**3 - 3*y**2 - y - 3. What is f(-4)?
17
Let a(l) = -9*l - 110. Give a(-11).
-11
Let o(d) = 4*d + 19. Calculate o(-3).
7
Let x(r) = r**2 - 12*r + 38. Give x(11).
27
Let j(t) = 13*t + 7. Determine j(-5).
-58
Let x(r) = -r**3 + 2*r**2 + 6*r - 9. Give x(2).
3
Let c(t) = -3*t**2 + 24*t - 7. What is c(6)?
29
Let u(t) = -t**3 + 11*t**2 - 4*t - 48. What is u(10)?
12
Let p(z) = 5*z + 2. Give p(-3).
-13
Let r(s) = 8*s - 42. Determine r(14).
70
Let a(d) = d**3 - 34*d**2 + d - 47. Calculate a(34).
-13
Let j(f) = -f + 10. What is j(-7)?
17
Let f(p) = 2*p + 19. Give f(-8).
3
Let b(t) = -t**3 - 6*t**2 + 2*t - 4. Calculate b(-6).
-16
Let q(v) = 6*v + 26. Determine q(-6).
-10
Let l(g) = 6*g - 42. Determine l(10).
18
Let u(l) = l**3 - 2*l**2 + 4*l. Calculate u(-3).
-57
Let f(p) = 6*p - 9. What is f(2)?
3
Let q(j) = -j**3 - j**2 - 9. Calculate q(-3).
9
Let h(z) = -z**2 + 7*z - 10. Give h(4).
2
Let u(f) = -f**3 - f + 11. Determine u(0).
11
Let d(q) = q**3 - 2*q**2 + 2*q - 2. Calculate d(4).
38
Let f(m) = -2*m - 21. Give f(-9).
-3
Let o(u) = -u**2 + 10*u - 4. Give o(10).
-4
Let r(j) = 2*j + 29. Give r(-16).
-3
Let l(d) = -d**2 + 5*d - 11. What is l(5)?
-11
Let f(g) = -g**3 + 16*g**2 - 14*g - 20. What is f(15)?
-5
Let f(q) = 3*q**2 + 11*q - 32. What is f(2)?
2
Let r(k) = k**3 + 7*k**2 + 5*k - 12. Determine r(-5).
13
Let r(g) = g**3 + 4*g**2 - 6*g - 12. Determine r(-5).
-7
Let m(c) = -c**3 - 27*c**2 + 27*c + 30. Give m(-28).
58
Let k(i) = -5*i**3 - i**2 + i - 1. Give k(1).
-6
Let n(p) = 33*p - 47. What is n(2)?
19
Let z(g) = -g**2 - 9*g - 13. Determine z(-6).
5
Let m(g) = -g**3 - 4*g**2 + 7*g + 7. What is m(-5)?
-3
Let a(d) = -9*d**3 + 27*d**2 + 4*d - 2. Calculate a(3).
10
Let v(b) = b - 4. Calculate v(3).
-1
Let h(f) = -f - 10. What is h(-10)?
0
Let d(w) = 57*w - 250. Determine d(4).
-22
Let w(i) = -8*i + 112. What is w(15)?
-8
Let o(g) = 5*g - 17. Determine o(12).
43
Let l(z) = -2*z**3 + 10*z**2 + 4*z - 11. Determine l(5).
9
Let c(o) = -o**3 + 5*o**2 + 12*o + 23. Calculate c(7).
9
Let f(q) = -22*q + 16. Determine f(2).
-28
Let u(f) = -4*f**2 - 6*f - 5. Calculate u(-4).
-45
Let i(c) = c**2 - 7*c - 15. Determine i(8).
-7
Let j(v) = 2*v**3 + 21*v**2 + 7*v - 4. Give j(-10).
26
Let i(t) = -2*t**2 - 14*t + 26. Determine i(-12).
-94
Let y(m) = 2*m**2 + 14*m + 1. Give y(-7).
1
Let o(s) = s**2 - 20*s - 14. Calculate o(16).
-78
Let h(t) = 10*t. What is h(2)?
20
Let s(r) = r**3 + r**2 + 2*r - 23. Give s(0).
-23
Let t(j) = j**3 + j**2 + 4. Give t(3).
40
Let o(x) = -2*x - 32. Calculate o(-16).
0
Let p(r) = r**2 - 20*r - 193. Calculate p(27).
-4
Let j(c) = -3*c + 37. Determine j(11).
4
Let s(y) = -4*y - 42. What is s(-9)?
-6
Let b(u) = -9*u + 38. What is b(6)?
-16
Let j(r) = -r**2 + 4*r - 4. Calculate j(7).
-25
Let b(x) = x**3 + 13*x**2 + 40*x + 11. What is b(-8)?
11
Let y(p) = p**2 - 25*p - 64. What is y(28)?
20
